and o?
1
Let g = -122 + 157. What is the highest common factor of g and 70?
35
Suppose 14*w - 17*w + 6 = 0. Let v be 3 - 1*(-1 + 0). Suppose 140 = 5*x - v*q, -w*x + 148 = 2*x + 4*q. Calculate the greatest common divisor of x and 8.
8
Let s(k) = k**3 - 30*k**2 + 58*k + 32. Let i be s(28). What is the greatest common factor of i and 11?
11
Let k = 119 + -118. Let u = 16 - 2. Let i be u - 1 - (3 + -1). Calculate the greatest common factor of k and i.
1
Let t = 9 - -45. Calculate the greatest common factor of 54 and t.
54
Let l = -21 + 21. Suppose -4*i - 5*c = -i - 310, -2*i + 4*c + 214 = l. Calculate the greatest common divisor of 21 and i.
21
Suppose a - 4*a = 0. Suppose 4*y + 68 - 536 = a. Let n(i) = -i**2 + 8*i + 1. Let f be n(6). What is the highest common factor of y and f?
13
Let c be 8/6 + 10/15. Suppose -4*q - 5*a + 62 = 0, 5*q = -3*a + c*a + 67. Suppose -3*u + 101 = 23. What is the highest common factor of u and q?
13
Suppose 0 = -0*k - 2*k. Let r be 0/(k + 2 - 3). Suppose r = 5*j + 115 - 280. What is the greatest common factor of j and 22?
11
Let d(o) = 15*o - 49. Let u be d(11). Calculate the greatest common factor of 1798 and u.
58
Let t(g) = 9*g + 2 - 2. Let d be t(1). Let o(z) = 2*z**2 - 79*z - 477. Let f be o(45). What is the highest common factor of f and d?
9
Suppose 4*o - 2*v - 88 = 0, 0 = 2*o + 4*v - v - 28. Calculate the greatest common factor of 16 and o.
4
Suppose -3*c = 3*q - 182 + 20, -3*c = -3*q - 144. What is the greatest common factor of 561 and c?
51
Let m = -12 - -14. Suppose m*a = 16 + 26. What is the greatest common divisor of 189 and a?
21
Let v(n) = -2*n**3 - 2*n**2 + 4*n + 2. Let d be (-9 + 8)*(1 - -2). Let y be v(d). Suppose -k = -78 - y. What is the greatest common factor of k and 13?
13
Let h = 414 + -261. Calculate the highest common divisor of h and 17.
17
Suppose 2 = -4*n - 2. Let m be (n + 14)/((-5)/(-5)). Let v be (-2 + 15)/((-1)/(-11)). What is the greatest common factor of m and v?
13
Let g(c) = -c**2 + c + 4. Let l be g(-4). Let i = l + 1. Let v be (-32)/(-6) + (-10)/i. What is the highest common divisor of v and 12?
6
Let f(u) = -54*u + 431. Let o be f(5). Calculate the highest common factor of 92 and o.
23
Let b = 27 + -25. Let l be -8 - (-2233)/21 - b/6. Calculate the greatest common factor of 14 and l.
14
Let k(s) be the second derivative of s**5/20 - 3*s**4/2 + 17*s**3/6 + 3*s**2/2 + 19*s. Let c be k(17). What is the highest common factor of c and 24?
3
Let j be 10/(-1 + 1785/1775). What is the highest common factor of j and 25?
25
Suppose 2770 = 3*c - 0*i + i, 2*c - 1840 = -2*i. What is the greatest common factor of c and 74?
37
Let h = -2 + 4. Suppose y - 3*y = h*q - 14, 20 = 5*q. Suppose 2*s + u = 24, -y*u = 2*s - 6*s + 28. Calculate the highest common divisor of s and 5.
5
Let o = 315 + -309. Calculate the highest common divisor of 24 and o.
6
Let o be -3 + 1 - (8/2 - 143). Let c = o - 53. What is the greatest common factor of 12 and c?
12
Let g be -90*(336/9)/(-14). What is the highest common divisor of 288 and g?
48
Let q = -246 - -352. Let p = 109 - q. Calculate the highest common factor of p and 33.
3
Let v(w) = 18*w + 3. Let g be v(2). Let a(i) = i**2 + i + 10. Let o be a(-7). What is the highest common divisor of g and o?
13
Let n(h) = 7*h**2 + 70*h - 558. Let i be n(7). Calculate the highest common factor of 44 and i.
11
Let h(f) be the third derivative of f**4/12 + f**3/2 + f**2. Let r be h(6). What is the greatest common divisor of r and 75?
15
Let u(g) = -12*g - 7. Let r be u(-1). Suppose -5*k = r*o - o - 860, -4*o + k = -884. Calculate the highest common factor of o and 20.
20
Suppose 8*g - 1639 = -103. What is the highest common divisor of g and 18?
6
Let i(h) = -h**3 + 18*h**2 + 25*h + 55. Let s be i(19). What is the greatest common factor of s and 65?
13
Suppose -5*w + 4 = -4*w. Let t be (-9)/(-36) + 15/w. Let x be (10 - -8)*2/t. What is the greatest common factor of x and 6?
3
Suppose 4 = -3*y + 34. Let i(s) = -s**2 + 10*s + 6. Let x be i(y). Suppose 3*k + x = 6*k. Calculate the greatest common factor of k and 1.
1
Let h = -95 - -171. What is the highest common factor of h and 76?
76
Suppose -w - 5*u = -145, -5*w - 18*u + 21*u = -697. What is the greatest common divisor of 98 and w?
14
Suppose -185 = -3*w + 634. Calculate the highest common factor of 21 and w.
21
Let t = 233 - 125. Let p(w) = 2*w**3 - w**2 + 2*w - 4. Let v be p(2). Calculate the highest common factor of t and v.
12
Suppose 2 = 4*s - 38. Suppose -4*i = -w - s, -2*w - 4*i + 8 = -5*i. Let a be -1*10/65 + 394/26. What is the greatest common divisor of w and a?
3
Let g(n) = -n**3 + 21*n**2 + 23*n - 17. Let o be g(22). Let m(l) = 3*l**2 + 6*l - 5. Let i be m(-5). What is the greatest common factor of i and o?
5
Let p = -34 + 35. Let y(b) = 26*b**2 - 3*b + 2. Let n be y(p). Calculate the highest common divisor of 125 and n.
25
Let v(y) = -y**3 + 12*y**2 - 2*y - 24. Let r be v(11). Let l = 2 - -2. Suppose 63 - 3 = l*k. Calculate the greatest common divisor of r and k.
15
Let q(c) = 25*c**2 - 8*c**2 + 21*c - 3 + 4 - 23*c. Let j be q(-3). Let t = j - 70. Calculate the greatest common factor of 10 and t.
10
Suppose -3*f = 2*f - c - 9223, -4*f - 5*c = -7390. Suppose -4*l - l = -f. Let v be l/33 + (-2)/11. What is the greatest common factor of 1 and v?
1
Let a = -80 - -180. Let z(p) = 11*p + 1. Let h be z(-3). Let x be 2 + 2 + h/(-2). What is the highest common divisor of x and a?
20
Let g = 1837 + -1744. What is the highest common factor of 9 and g?
3
Let t be (-3)/(6/(-86))*(-8)/(-4). Suppose -2*i + 3*i = k - t, -5*i + 242 = 3*k. Calculate the highest common divisor of k and 14.
14
Suppose 9*q = -988 + 1870. What is the greatest common factor of q and 245?
49
Let w be (-13)/(-2) + 6/(-12). Calculate the highest common factor of w and 42.
6
Suppose -6*f + 2*f = f. Suppose 3*j + 2 - 26 = f. What is the greatest common divisor of 12 and j?
4
Suppose 4*m = 3*c + 319 - 115, 4*m = 5*c + 204. Calculate the highest common factor of m and 17.
17
Suppose 302 = -4*f - 5*t + 3*t, -4*t = -4*f - 332. Let u = f + 99. Calculate the highest common divisor of u and 9.
3
Suppose 3*y + y + 26 = -d, -4*d - 41 = -5*y. Let t be (-2 + -2)/2 - d. Let c = 127 - 91. Calculate the greatest common factor of c and t.
12
Suppose 120 = 4*q + 5*a, -q = -5*a - 31 + 1. Suppose 0 = 5*i - 19 + 4. Suppose -i*g + 1 = -29. What is the highest common divisor of q and g?
10
Suppose 3*h = 9, 2*l - 2*h - 19 = 171. What is the greatest common factor of l and 7?
7
Let d be ((-65)/(-20) - (2 - -1))*8. What is the greatest common divisor of 6 and d?
2
Suppose 7 + 11 = -d. Let p = 13 + 11. Let l be (-356)/d + p/108. What is the highest common divisor of l and 80?
20
Let r(v) = -33*v + 25. Let i be r(0). Calculate the highest common factor of i and 800.
25
Let q be 12/(-20)*(3 - 8). Suppose 3 = 3*w, 4*i - 2*w + q*w - 193 = 0. Let l(b) = -29*b + 4. Let j be l(-4). What is the highest common divisor of i and j?
24
Suppose 26*l = l + 19625. Calculate the highest common divisor of l and 5.
5
Let l be (7/(63/12))/((-3)/(-9)). Suppose 2*i - 18 - 2 = 2*b, l*b - 23 = -3*i. Let r be (-2)/8 + (-25)/(-4). Calculate the highest common factor of r and i.
3
Let g be 127*(-63)/(-99) - (-6)/33. What is the greatest common divisor of 45 and g?
9
Let s be 94/(-141) + 46/6. Calculate the highest common divisor of 567 and s.
7
Let o(y) = -y**2 + 4. Let u be o(0). Let j = 4 - u. Suppose 2*a + 2*f - 40 = j, 2*a + 8 = 3*a - 3*f. What is the greatest common divisor of 34 and a?
17
Suppose -5 = o - 15. Suppose 0 = -2*h + 4*p + 20, -11*h + 5*p = -7*h - 55. What is the highest common divisor of o and h?
10
Let a(z) = z**3 - 3*z**2 + 5*z - 1. Let p be a(4). Suppose 2*m = m + 5*f + 45, -m + p = -3*f. Calculate the greatest common factor of m and 80.
20
Let w = 2598 + -2574. Let j(a) = -a**3 + 8*a**2 - 5*a + 6. Let c be j(6). What is the greatest common factor of c and w?
24
Suppose -p - 29 = -31. Suppose 4 = 2*z + 2. What is the highest common factor of z and p?
1
Let k(b) = 2*b**2 - 3*b + 23. Let d be k(7). What is the greatest common divisor of d and 350?
50
Let c = -32 + 40. Suppose 2*r + 211 = 2*m + 49, 2*r = -4*m + 312. Let g = m + -39. What is the highest common factor of g and c?
8
Let q 